{"id":107,"date":"2022-07-11T04:43:56","date_gmt":"2022-07-11T04:43:56","guid":{"rendered":"https:\/\/qualitycs.com.mx\/?page_id=107"},"modified":"2022-07-11T23:01:10","modified_gmt":"2022-07-11T23:01:10","slug":"contactanos","status":"publish","type":"page","link":"https:\/\/qualitycs.com.mx\/?page_id=107","title":{"rendered":"Canales de comunicaci\u00f3n"},"content":{"rendered":"<div class=\"wp-block-image\">\n<figure class=\"aligncenter size-full\"><img loading=\"lazy\" decoding=\"async\" width=\"135\" height=\"150\" src=\"https:\/\/qualitycs.com.mx\/wp-content\/uploads\/2022\/07\/simbolo-de-email.png\" alt=\"\" class=\"wp-image-124\"\/><\/figure>\n<\/div>\n\n\n<ul class=\"has-text-color has-background has-medium-font-size wp-block-list\" style=\"background-color:#c8e4f5;color:#071c29\"><li>Ventas y maquila: ventas@qualitycs.com.mx<\/li><li>Soporte y Consultor\u00eda: soporte@qualitycs.com.mx<\/li><li>Innovaci\u00f3n tecnol\u00f3gica: innovacion@qualitycs.com.mx<\/li><\/ul>\n\n\n<div class=\"wp-block-image\">\n<figure class=\"aligncenter size-full\"><img loading=\"lazy\" decoding=\"async\" width=\"111\" height=\"126\" src=\"https:\/\/qualitycs.com.mx\/wp-content\/uploads\/2022\/07\/simbolo-de-telefono-1.png\" alt=\"\" class=\"wp-image-128\"\/><\/figure>\n<\/div>\n\n\n<ul class=\"has-medium-font-size wp-block-list\"><li>5553650977<\/li><li>5581131733<\/li><\/ul>\n\n\n<div class=\"wp-block-image\">\n<figure class=\"aligncenter size-full\"><img loading=\"lazy\" decoding=\"async\" width=\"137\" height=\"167\" src=\"https:\/\/qualitycs.com.mx\/wp-content\/uploads\/2022\/07\/simbolo-de-videoconferencia.png\" alt=\"\" class=\"wp-image-126\"\/><\/figure>\n<\/div>\n\n\n<p class=\"has-text-color has-medium-font-size\" style=\"color:#092738\"><strong>https:\/\/meet.jit.si\/qcsmex<\/strong><\/p>\n","protected":false},"excerpt":{"rendered":"<p>Ventas y maquila: ventas@qualitycs.com.mx Soporte y Consultor\u00eda: soporte@qualitycs.com.mx Innovaci\u00f3n tecnol\u00f3gica: innovacion@qualitycs.com.mx 5553650977 5581131733 https:\/\/meet.jit.si\/qcsmex<\/p>\n","protected":false},"author":1,"featured_media":0,"parent":0,"menu_order":0,"comment_status":"closed","ping_status":"closed","template":"","meta":{"footnotes":""},"class_list":["post-107","page","type-page","status-publish","hentry"],"featured_media_urls":[],"_links":{"self":[{"href":"https:\/\/qualitycs.com.mx\/index.php?rest_route=\/wp\/v2\/pages\/107","targetHints":{"allow":["GET"]}}],"collection":[{"href":"https:\/\/qualitycs.com.mx\/index.php?rest_route=\/wp\/v2\/pages"}],"about":[{"href":"https:\/\/qualitycs.com.mx\/index.php?rest_route=\/wp\/v2\/types\/page"}],"author":[{"embeddable":true,"href":"https:\/\/qualitycs.com.mx\/index.php?rest_route=\/wp\/v2\/users\/1"}],"replies":[{"embeddable":true,"href":"https:\/\/qualitycs.com.mx\/index.php?rest_route=%2Fwp%2Fv2%2Fcomments&post=107"}],"version-history":[{"count":5,"href":"https:\/\/qualitycs.com.mx\/index.php?rest_route=\/wp\/v2\/pages\/107\/revisions"}],"predecessor-version":[{"id":129,"href":"https:\/\/qualitycs.com.mx\/index.php?rest_route=\/wp\/v2\/pages\/107\/revisions\/129"}],"wp:attachment":[{"href":"https:\/\/qualitycs.com.mx\/index.php?rest_route=%2Fwp%2Fv2%2Fmedia&parent=107"}],"curies":[{"name":"wp","href":"https:\/\/api.w.org\/{rel}","templated":true}]}}